{"id":895,"date":"2016-11-29T22:17:12","date_gmt":"2016-11-29T21:17:12","guid":{"rendered":"http:\/\/humanisme.assohum.org\/?page_id=895"},"modified":"2017-01-23T23:45:48","modified_gmt":"2017-01-23T22:45:48","slug":"ethique-questions-dexamens-1","status":"publish","type":"page","link":"https:\/\/humanisme.assohum.org\/?page_id=895","title":{"rendered":"Questionnaire 3 &#8211; \u00c9thique"},"content":{"rendered":"<h1 style=\"text-align: center;\"><span style=\"color: #993366;\">Testez vos connaissances<\/span><\/h1>\n<div class='one_half'>\n\t\t\t\t\t<a href='http:\/\/www.humanisme.assohum.org\/?page_id=842' class='small-button smallsilver'>Page pr\u00e9c\u00e9dente<\/a>\n\t\t\t\t<\/div>\n<p style=\"text-align: right;\">\u00a0<\/p>\n<p>&nbsp;<\/p>\n<p><span style=\"font-size: medium;\">Ce qui suit est un petit exercice qui sert uniquement \u00e0 tester votre compr\u00e9hension et \u00e0 renforcer les concepts d\u00e9velopp\u00e9s plus haut. Choisissez une r\u00e9ponse parmi les 5 propos\u00e9es et cliquez ensuite sur le bouton \u00ab next \u00bb pour passez \u00e0 la suivante. Vous pouvez r\u00e9p\u00e9ter l\u2019exercice autant de fois que vous voulez.<\/span><\/p>\n<h2>Questions \u00e0 d\u00e9veloppement<\/h2>\n<p><span style=\"font-size: medium; line-height: 1.5em;\">\u00c9crivez un court texte dans les boites ci-dessous pour chacune des questions et ensuite positionnez votre curseur sur le mot \u00ab\u00a0<\/span><span style=\"color: #993366;\">r\u00e9ponse sugg\u00e9r\u00e9e<\/span><span style=\"font-size: medium; line-height: 1.5em;\">\u00a0\u00bb pour comparer votre r\u00e9ponse. Si vous avez de la difficult\u00e9, relisez les textes pr\u00e9c\u00e9dents.<\/span><\/p>\n<p><strong>1.<span style=\"font-size: medium;\">Quel est l&rsquo;<abbr class='c2c-text-hover' title='Ensemble des principes moraux qui sont \u00e0 la base de la conduite de quelqu&#039;un'>\u00e9thique<\/abbr> de la <abbr class='c2c-text-hover' title='Une construction mentale humaine plus complexe qu&#039;une simple hypoth\u00e8se.'>th\u00e9orie<\/abbr> du commandement divin<\/span><\/strong><\/p>\n<p><span style=\"font-size: medium;\">\u00a0<\/span><textarea cols=\"80\" name=\"textarea\" rows=\"10\"><\/textarea><\/p>\n<div class='et-learn-more clearfix'>\n\t\t\t\t\t<h3 class='heading-more'>R\u00e9ponse sugg\u00e9r\u00e9e<span class='et_learnmore_arrow'><span><\/span><\/span><\/h3>\n\t\t\t\t\t<div class='learn-more-content'><p><span style=\"font-size: 16px;\">L\u2019opinion qu\u2019une action est bonne pourvu que Dieu dise qu\u2019elle le soit.<\/span><\/p><\/div>\n\t\t\t\t<\/div>\n<p><strong>2<\/strong><span style=\"font-size: medium;\"><strong style=\"line-height: 1.5em;\">.Quel est votre d\u00e9finition de l&rsquo;utilitarisme.\u00a0<\/strong><\/span><\/p>\n<p><span style=\"font-size: medium;\">\u00a0<\/span><textarea style=\"margin-top: 0px; margin-bottom: 0px; height: 250px;\" cols=\"80\" name=\"textarea\" rows=\"10\"><\/textarea><\/p>\n<div class='et-learn-more clearfix'>\n\t\t\t\t\t<h3 class='heading-more'>R\u00e9ponse sugg\u00e9r\u00e9e<span class='et_learnmore_arrow'><span><\/span><\/span><\/h3>\n\t\t\t\t\t<div class='learn-more-content'><span style=\"font-size: 16px;\">L&rsquo;id\u00e9e que les bonnes actions sont celles qui maximisent le bonheur, en prenant compte du plus grand nombre possible. <\/span><\/div>\n\t\t\t\t<\/div>\n<p><span style=\"font-size: medium;\"><strong style=\"line-height: 1.5em;\">3.Qu&rsquo;est-ce que l&rsquo;utilitarisme de la r\u00e8gle?<\/strong><\/span><\/p>\n<p><span style=\"font-size: medium;\">\u00a0<\/span><textarea cols=\"80\" name=\"textarea\" rows=\"10\"><\/textarea><\/p>\n<div class='et-learn-more clearfix'>\n\t\t\t\t\t<h3 class='heading-more'>R\u00e9ponse sugg\u00e9r\u00e9e<span class='et_learnmore_arrow'><span><\/span><\/span><\/h3>\n\t\t\t\t\t<div class='learn-more-content'><p><span style=\"font-size: 16px;\">L\u2019utilitarisme\u00a0de la r\u00e8gle est\u00a0 le point de vue que les bonnes actions sont celles qui suivent une r\u00e8gle sans exceptions qui, si suivie fid\u00e8lement, va r\u00e9sulter en un maximum de bonheur\u00a0 en tenant compte du plus grand nombre possible de personnes affect\u00e9es.<\/span><\/p><\/div>\n\t\t\t\t<\/div>\n<p>&nbsp;<\/p>\n<p>&nbsp;<\/p>\n<p><strong>2<\/strong><span style=\"font-size: medium;\"><strong style=\"line-height: 1.5em;\">.\u00a0<\/strong><\/span><span style=\"font-size: 16px;\"><strong>Quels sont les trois crit\u00e8res que toutes les <abbr class='c2c-text-hover' title='Une construction mentale humaine plus complexe qu&#039;une simple hypoth\u00e8se.'>th\u00e9ories<\/abbr> morales plausibles doivent rencontrer?<\/strong><strong style=\"line-height: 1.5em;\">\u00a0<\/strong><\/span><\/p>\n<p><span style=\"font-size: medium;\">\u00a0<\/span><textarea style=\"margin-top: 0px; margin-bottom: 0px; height: 250px;\" cols=\"80\" name=\"textarea\" rows=\"10\"><\/textarea><\/p>\n<div class='et-learn-more clearfix'>\n\t\t\t\t\t<h3 class='heading-more'>R\u00e9ponse sugg\u00e9r\u00e9e<span class='et_learnmore_arrow'><span><\/span><\/span><\/h3>\n\t\t\t\t\t<div class='learn-more-content'><p><span style=\"font-size: 16px;\">Une <abbr class='c2c-text-hover' title='Une construction mentale humaine plus complexe qu&#039;une simple hypoth\u00e8se.'>th\u00e9orie<\/abbr> morale plausible doit \u00eatre 1) compatible avec nos jugements moraux raisonn\u00e9s, 2) \u00eatre en accord avec notre exp\u00e9rience de la morale et 3) \u00eatre r\u00e9aliste.<\/span><\/p>\n<p><span style=\"font-size: 16px;\">\u00a0<\/span><\/div>\n\t\t\t\t<\/div>\n<p><span style=\"font-size: medium;\"><strong style=\"line-height: 1.5em;\">3.Quel est le probl\u00e8me avec la <abbr class='c2c-text-hover' title='Une construction mentale humaine plus complexe qu&#039;une simple hypoth\u00e8se.'>th\u00e9orie<\/abbr> de Kant?<\/strong><\/span><\/p>\n<p><span style=\"font-size: medium;\">\u00a0<\/span><textarea cols=\"80\" name=\"textarea\" rows=\"10\"><\/textarea><\/p>\n<div class='et-learn-more clearfix'>\n\t\t\t\t\t<h3 class='heading-more'>R\u00e9ponse sugg\u00e9r\u00e9e<span class='et_learnmore_arrow'><span><\/span><\/span><\/h3>\n\t\t\t\t\t<div class='learn-more-content'><p><span style=\"font-size: 16px;\">Son plus grand probl\u00e8me est qu\u2019elle est absolutiste (elle ne souffre aucune exception). Ce qui la rend irr\u00e9aliste.<\/span><\/p><\/div>\n\t\t\t\t<\/div>\n<p>&nbsp;<\/p>\n<p>&nbsp;<\/p>\n<p><span style=\"font-size: medium;\"><strong style=\"line-height: 1.5em;\">4.Quel est l&rsquo;\u00e9l\u00e9ment important de la <abbr class='c2c-text-hover' title='Une construction mentale humaine plus complexe qu&#039;une simple hypoth\u00e8se.'>th\u00e9orie<\/abbr> de Kant qu&rsquo;on ne retrouve pas dans l&rsquo;utilitarisme?<\/strong><\/span><\/p>\n<p><span style=\"font-size: medium;\">\u00a0<\/span><textarea cols=\"80\" name=\"textarea\" rows=\"10\"><\/textarea><\/p>\n<div class='et-learn-more clearfix'>\n\t\t\t\t\t<h3 class='heading-more'>R\u00e9ponse sugg\u00e9r\u00e9e<span class='et_learnmore_arrow'><span><\/span><\/span><\/h3>\n\t\t\t\t\t<div class='learn-more-content'><p><span style=\"font-size: 16px;\">La <abbr class='c2c-text-hover' title='Une construction mentale humaine plus complexe qu&#039;une simple hypoth\u00e8se.'>th\u00e9orie<\/abbr> de Kant pr\u00e9suppose un respect envers les personnes (les individus sont consid\u00e9r\u00e9s comme une fin en soi et non un moyen)<\/span><\/p><\/div>\n\t\t\t\t<\/div>\n<h2><abbr class='c2c-text-hover' title='Un terme dont on a souvent abus\u00e9. Cette th\u00e9orie de l&#039;enseignement se r\u00e9f\u00e8re \u00e0 un ensemble de comp\u00e9tences vaguement d\u00e9finie que les enseignants devraient encourager chez leur \u00e9l\u00e8ves. ils incluent la capacit\u00e9 d&#039;examiner de fa\u00e7on rationnelle les arguments et les \u00e9l\u00e9ments de preuve et de tirer des conclusions sur cette base.'>Pens\u00e9e critique<\/abbr><\/h2>\n<p><strong style=\"line-height: 1.5em;\">1<span style=\"font-size: medium;\">.<\/span><\/strong><span style=\"font-size: 16px;\"><strong>Pourquoi est-ce que la r\u00e8gle utilitariste semble davantage correspondre avec nos jugements moraux raisonn\u00e9s ?<\/strong><\/span><\/p>\n<p><span style=\"font-size: medium;\">\u00a0<\/span><textarea style=\"margin-top: 0px; margin-bottom: 0px; height: 250px;\" cols=\"80\" name=\"textarea\" rows=\"10\"><\/textarea><\/p>\n<div class='et-learn-more clearfix'>\n\t\t\t\t\t<h3 class='heading-more'>R\u00e9ponse sugg\u00e9r\u00e9e<span class='et_learnmore_arrow'><span><\/span><\/span><\/h3>\n\t\t\t\t\t<div class='learn-more-content'><p><span style=\"font-size: 16px;\">Advenant qu\u2019une action produise suffisamment de bonheur, l\u2019utilitarisme l\u2019approuverait tacitement. Tous les moyens pour atteindre ce but deviennent\u00a0 soudainement acceptables, donc l\u2019utilitarisme pourrait potentiellement excuser des actions allant \u00e0 l\u2019encontre de nos jugements moraux raisonn\u00e9es.\u00a0 La r\u00e8gle utilitariste par contre propose un ensemble de r\u00e8gles qui maximiserait le bonheur dans une soci\u00e9t\u00e9 qui les suivraient syst\u00e9matiquement. Cette approche est plus apte \u00e0 \u00eatre en accord avec nos jugements moraux raisonn\u00e9s et nous permettent d\u2019\u00e9viter des actes autrement immoraux, bien que pouvant procurer davantage de bonheur pour certains dans une situation particuli\u00e8re. \u00a0<\/span><\/p>\n<p><span style=\"font-size: 16px;\">\u00a0<\/span><\/div>\n\t\t\t\t<\/div>\n<p><span style=\"font-size: medium;\"><strong style=\"line-height: 1.5em;\">2.\u00a0<\/strong><\/span><span style=\"font-size: 16px;\"><strong>Supposons que vous \u00eates mis en \u00e9tat d&rsquo;arrestation pour un meurtre que vous n&rsquo;avez pas commis, car le chef de police a estim\u00e9 qu&rsquo;arr\u00eater un suspect rendrait ces concitoyens plus heureux. Vous allez \u00eatre amen\u00e9 devant un juge qui d\u00e9cidera de votre sort et, surprise, vous \u00eates autoris\u00e9 \u00e0 choisir le juge parmi deux candidats: un juge fortement utilitariste et un autre adepte de l&rsquo;<abbr class='c2c-text-hover' title='Ensemble des principes moraux qui sont \u00e0 la base de la conduite de quelqu&#039;un'>\u00e9thique<\/abbr> de situation. Quel\u00a0 juge choisiriez-vous et pourquoi?<\/strong><\/span><\/p>\n<p><span style=\"font-size: medium;\">\u00a0<\/span><textarea cols=\"80\" name=\"textarea\" rows=\"10\"><\/textarea><\/p>\n<div class='et-learn-more clearfix'>\n\t\t\t\t\t<h3 class='heading-more'>R\u00e9ponse sugg\u00e9r\u00e9e<span class='et_learnmore_arrow'><span><\/span><\/span><\/h3>\n\t\t\t\t\t<div class='learn-more-content'><p><span style=\"font-size: 16px;\">Un juge utilitariste risque de tenir compte du degr\u00e9 de satisfaction g\u00e9n\u00e9rale que votre arrestation a produit, ce qui signifie qu\u2019il (ou elle) pourrait d\u00e9cider que votre arrestation est justifi\u00e9e, bien qu\u2019injuste.\u00a0\u00a0 Le juge adepte du situationisme pourrait pencher en votre faveur tout comme l\u2019inverse car cette <abbr class='c2c-text-hover' title='Une construction mentale humaine plus complexe qu&#039;une simple hypoth\u00e8se.'>th\u00e9orie<\/abbr> ne propose aucune r\u00e8gle claire dans cette situation. Vous avez donc le choix entre un juge qui penchera probablement vers une condamnation (l\u2019utilitariste) ou un juge qui peut rendre une d\u00e9cision d\u2019un c\u00f4t\u00e9 comme de l\u2019autre. <\/span><\/p><\/div>\n\t\t\t\t<\/div>\n<h2>Suggestions de projets<\/h2>\n<p style=\"text-align: justify;\"><span style=\"font-size: 16px;\">Instructions: Effectuer des recherches et les \u00e9crits assign\u00e9s comme indiqu\u00e9 dans chaque question. Cliquez sur le lien de r\u00e9ponse de l&rsquo;instructeur afin d&rsquo;\u00e9valuer votre r\u00e9ponse \u00e0 la lumi\u00e8re des notes de l&rsquo;instructeur. Si vous avez des difficult\u00e9s, relisez le mat\u00e9riel.<\/span><\/p>\n<p><span style=\"font-size: medium;\"><strong style=\"line-height: 1.5em;\">1.<\/strong>\u00a0<\/span><span style=\"font-size: 16px;\"><strong>Est-ce la r\u00e8gle utilitariste est une <abbr class='c2c-text-hover' title='Une construction mentale humaine plus complexe qu&#039;une simple hypoth\u00e8se.'>th\u00e9orie<\/abbr> viable de la morale? Si oui pourquoi? Si non pourquoi? Faire des recherches sur Internet afin de d\u00e9terminer ce que les philosophes ont \u00e0 dire \u00e0 ce sujet.<\/strong><\/span><\/p>\n<p><span style=\"font-size: medium;\">\u00a0<\/span><textarea cols=\"80\" name=\"textarea\" rows=\"10\"><\/textarea><\/p>\n<div class='et-learn-more clearfix'>\n\t\t\t\t\t<h3 class='heading-more'>R\u00e9ponse sugg\u00e9r\u00e9e<span class='et_learnmore_arrow'><span><\/span><\/span><\/h3>\n\t\t\t\t\t<div class='learn-more-content'><p><span style=\"font-size: 16px;\">\u00c0 premi\u00e8re vue il semble bien que la r\u00e8gle utilitariste est en <abbr class='c2c-text-hover' title='En science une observation ou le r\u00e9sultat d&#039;une manipulation exp\u00e9rimentale.'>fait<\/abbr> une assez bonne <abbr class='c2c-text-hover' title='Une construction mentale humaine plus complexe qu&#039;une simple hypoth\u00e8se.'>th\u00e9orie<\/abbr> morale, car elle propose des r\u00e8gles claires qui permettent d\u2019\u00e9valuer quelles actions sont pr\u00e9f\u00e9rables. Cette <abbr class='c2c-text-hover' title='Une construction mentale humaine plus complexe qu&#039;une simple hypoth\u00e8se.'>th\u00e9orie<\/abbr> peut encourager certaines actions que certains estimerait d\u00e9plorable, mais le calcul utilitariste de la somme de bonheur comme but final semble clair et d\u00e9finitif.\u00a0 Certains philosophes par contre pr\u00e9tendent que cette <abbr class='c2c-text-hover' title='Une construction mentale humaine plus complexe qu&#039;une simple hypoth\u00e8se.'>th\u00e9orie<\/abbr> est maladroite. Leurs arguments sont que 1) il y a confusion sur la fa\u00e7on de mesurer le bonheur acquis, doit-on prendre compte de la quantit\u00e9 de bonheur, ou de la qualit\u00e9 de celui-ci? Et 2) il semble n\u2019y avoir aucun moyen objectif de d\u00e9terminer la dur\u00e9e du bonheur ainsi acquis (doit-on consid\u00e9rer les cons\u00e9quences seulement une\u00a0 journ\u00e9e ou toute une ann\u00e9e?) et 3) la fa\u00e7on de comptabiliser le bonheur est si complexe et exigeante que de le faire semble impossible.<\/span><\/p><\/div>\n\t\t\t\t<\/div>\n<p><span style=\"font-size: medium;\"><strong style=\"line-height: 1.5em;\">2.<\/strong><\/span>\u00a0<span style=\"font-size: 16px;\"><strong>Imaginez que vous \u00eates un m\u00e9decin traitant un patient atteint d&rsquo;une maladie d\u00e9vastatrice. Vous pouvez gu\u00e9rir le patient, mais en utilisant un traitement sans danger que le patient refuse. Vous commencez alors \u00e0 administrer le traitement, sans divulguer au patient ce que vous faites. Personne n&rsquo;est susceptible de d\u00e9couvrir votre subterfuge,\u00a0 la seule cons\u00e9quence mesurable \u00e9tant le (bon) r\u00e9sultat sur la sant\u00e9 du patient. Comment un juge utilitariste jugerait votre action?\u00a0 un partisan de l&rsquo;<abbr class='c2c-text-hover' title='Ensemble des principes moraux qui sont \u00e0 la base de la conduite de quelqu&#039;un'>\u00e9thique<\/abbr> chr\u00e9tienne? R\u00e9pondez \u00e0 ces questions dans un court essai d&rsquo;environ 500 mots.<\/strong><\/span><\/p>\n<p><span style=\"font-size: medium;\">\u00a0<\/span><textarea cols=\"80\" name=\"textarea\" rows=\"10\"><\/textarea><\/p>\n<div class='et-learn-more clearfix'>\n\t\t\t\t\t<h3 class='heading-more'>R\u00e9ponse sugg\u00e9r\u00e9e<span class='et_learnmore_arrow'><span><\/span><\/span><\/h3>\n\t\t\t\t\t<div class='learn-more-content'><p><span style=\"font-size: 16px;\">Un utilitariste dirait probablement que traiter le patient sans son consentement est juste parce que votre action maximise le bonheur. Par contre il pourrait dire aussi le contraire, car si les m\u00e9decins traitent syst\u00e9matiquement tous les patients sans leur consentement, les gens perdraient confiance dans les m\u00e9decins et chercherait \u00e0 \u00e9viter d&rsquo;obtenir les traitements n\u00e9cessaires. L&rsquo;<abbr class='c2c-text-hover' title='Ensemble des principes moraux qui sont \u00e0 la base de la conduite de quelqu&#039;un'>\u00e9thique<\/abbr> chr\u00e9tienne ( \u00abaimer ton prochain\u00bb) ne fournit pas de r\u00e9ponse claire. Vouloir aimer votre prochain pourrait vous entra\u00eener \u00e0 (1) violer les droits du patient, mais le rendre plus heureux ou (2) respecter ses droits, mais lui permettre de souffrir?<\/span><\/p><\/div>\n\t\t\t\t<\/div>\n<p><span style=\"font-size: medium;\"><strong style=\"line-height: 1.5em;\">3.\u00a0<\/strong><\/span><span style=\"font-size: 16px;\"><strong>Comment un humaniste \u00e9valuerait les m\u00e9rites de l&rsquo;utilitarisme? R\u00e9diger un texte de 300 mots expliquant votre r\u00e9ponse.<\/strong><\/span><\/p>\n<p><span style=\"font-size: medium;\">\u00a0<\/span><textarea cols=\"80\" name=\"textarea\" rows=\"10\"><\/textarea><\/p>\n<div class='et-learn-more clearfix'>\n\t\t\t\t\t<h3 class='heading-more'>R\u00e9ponse sugg\u00e9r\u00e9e<span class='et_learnmore_arrow'><span><\/span><\/span><\/h3>\n\t\t\t\t\t<div class='learn-more-content'><p><span style=\"font-size: 16px;\">Un humaniste pourrait dire: Le fondement de l&rsquo;utilitarisme est juste. La moralit\u00e9 doit viser, entre autres, \u00e0 maximiser le bonheur ou le bien-\u00eatre des humains. L&rsquo;aspect universel est \u00e9galement le bienvenu. Une <abbr class='c2c-text-hover' title='Une construction mentale humaine plus complexe qu&#039;une simple hypoth\u00e8se.'>th\u00e9orie<\/abbr> morale devrait s&rsquo;appliquer \u00e0 tous les \u00eatres humains ou \u00eatres vivants. Et il ne faut pas oublier que les <abbr class='c2c-text-hover' title='Une construction mentale humaine plus complexe qu&#039;une simple hypoth\u00e8se.'>th\u00e9ories<\/abbr> cons\u00e9quentialistes comme l&rsquo;utilitarisme ont contribu\u00e9 \u00e0 des r\u00e9formes sociales importantes (surtout dans le traitement des femmes, des minorit\u00e9s, des prisonniers et des pauvres). Mais la <abbr class='c2c-text-hover' title='Une construction mentale humaine plus complexe qu&#039;une simple hypoth\u00e8se.'>th\u00e9orie<\/abbr> peut \u00e9galement sanctionner un m\u00e9pris pour les droits et la justice &#8211; quelque chose que la plupart des humanistes s&rsquo;opposeraient.<\/span><\/p><\/div>\n\t\t\t\t<\/div>\n<p><span style=\"font-size: medium;\"><strong style=\"line-height: 1.5em;\">4. La <abbr class='c2c-text-hover' title='Une construction mentale humaine plus complexe qu&#039;une simple hypoth\u00e8se.'>th\u00e9orie<\/abbr> de Kant est \u00e0 la fois formaliste et absolutiste. Sans faire de recherche sur la <abbr class='c2c-text-hover' title='Une construction mentale humaine plus complexe qu&#039;une simple hypoth\u00e8se.'>th\u00e9orie<\/abbr> de Kant, \u00e9crivez un paragraphe critiquant sa <abbr class='c2c-text-hover' title='Une construction mentale humaine plus complexe qu&#039;une simple hypoth\u00e8se.'>th\u00e9orie<\/abbr> en tenant compte de ses \u00e9l\u00e9ments formalistes et absolutistes. Puis faites une recherche sur l&rsquo;Internet pour voir comment les philosophes ont <abbr class='c2c-text-hover' title='En science une observation ou le r\u00e9sultat d&#039;une manipulation exp\u00e9rimentale.'>fait<\/abbr> la critique de ces aspects de la <abbr class='c2c-text-hover' title='Une construction mentale humaine plus complexe qu&#039;une simple hypoth\u00e8se.'>th\u00e9orie<\/abbr> de Kant. Ecrire un paragraphe r\u00e9sumant les critiques des philosophes \u00bb.<\/strong><\/span><\/p>\n<p><span style=\"font-size: medium;\">\u00a0<\/span><textarea cols=\"80\" name=\"textarea\" rows=\"10\"><\/textarea><\/p>\n<div class='et-learn-more clearfix'>\n\t\t\t\t\t<h3 class='heading-more'>R\u00e9ponse sugg\u00e9r\u00e9e<span class='et_learnmore_arrow'><span><\/span><\/span><\/h3>\n\t\t\t\t\t<div class='learn-more-content'><p><span style=\"font-size: 16px;\">Vos critiques devraient se concentrer sur le <abbr class='c2c-text-hover' title='En science une observation ou le r\u00e9sultat d&#039;une manipulation exp\u00e9rimentale.'>fait<\/abbr> que les <abbr class='c2c-text-hover' title='Une construction mentale humaine plus complexe qu&#039;une simple hypoth\u00e8se.'>th\u00e9ories<\/abbr> formalistes ignorent les cons\u00e9quences des actions, et les <abbr class='c2c-text-hover' title='Une construction mentale humaine plus complexe qu&#039;une simple hypoth\u00e8se.'>th\u00e9ories<\/abbr> absolutistes entrent la plupart du temps en conflit avec nos jugements moraux consid\u00e9r\u00e9s.<\/span><\/p><\/div>\n\t\t\t\t<\/div>\n<div class='one_half'>\n\t\t\t\t\t<a href='http:\/\/www.humanisme.assohum.org\/?page_id=842' class='small-button smallsilver'>Page pr\u00e9c\u00e9dente<\/a>\n\t\t\t\t<\/div>\n<a href='http:\/\/humanisme.assohum.org\/' class='big-button bigteal'>&lsquo;<abbr class='c2c-text-hover' title='Ensemble des principes moraux qui sont \u00e0 la base de la conduite de quelqu&#039;un'>\u00c9thique<\/abbr> &#8211; avanc\u00e9 compl\u00e9t\u00e9!<\/a>\n","protected":false},"excerpt":{"rendered":"<p>Testez vos connaissances \u00a0 &nbsp; Ce qui suit est un petit exercice qui sert uniquement \u00e0 tester votre compr\u00e9hension et \u00e0 renforcer les concepts d\u00e9velopp\u00e9s plus haut. Choisissez une r\u00e9ponse parmi les 5 propos\u00e9es et cliquez ensuite sur le bouton \u00ab next \u00bb pour passez \u00e0 la suivante. Vous pouvez r\u00e9p\u00e9ter l\u2019exercice autant de fois [&hellip;]<\/p>\n","protected":false},"author":1,"featured_media":0,"parent":842,"menu_order":0,"comment_status":"closed","ping_status":"closed","template":"page-full.php","meta":{"footnotes":""},"class_list":["post-895","page","type-page","status-publish","hentry"],"_links":{"self":[{"href":"https:\/\/humanisme.assohum.org\/index.php?rest_route=\/wp\/v2\/pages\/895"}],"collection":[{"href":"https:\/\/humanisme.assohum.org\/index.php?rest_route=\/wp\/v2\/pages"}],"about":[{"href":"https:\/\/humanisme.assohum.org\/index.php?rest_route=\/wp\/v2\/types\/page"}],"author":[{"embeddable":true,"href":"https:\/\/humanisme.assohum.org\/index.php?rest_route=\/wp\/v2\/users\/1"}],"replies":[{"embeddable":true,"href":"https:\/\/humanisme.assohum.org\/index.php?rest_route=%2Fwp%2Fv2%2Fcomments&post=895"}],"version-history":[{"count":31,"href":"https:\/\/humanisme.assohum.org\/index.php?rest_route=\/wp\/v2\/pages\/895\/revisions"}],"predecessor-version":[{"id":1272,"href":"https:\/\/humanisme.assohum.org\/index.php?rest_route=\/wp\/v2\/pages\/895\/revisions\/1272"}],"up":[{"embeddable":true,"href":"https:\/\/humanisme.assohum.org\/index.php?rest_route=\/wp\/v2\/pages\/842"}],"wp:attachment":[{"href":"https:\/\/humanisme.assohum.org\/index.php?rest_route=%2Fwp%2Fv2%2Fmedia&parent=895"}],"curies":[{"name":"wp","href":"https:\/\/api.w.org\/{rel}","templated":true}]}}