{"id":1353,"date":"2018-04-17T21:14:46","date_gmt":"2018-04-17T20:14:46","guid":{"rendered":"http:\/\/humanisme.assohum.org\/?page_id=1353"},"modified":"2018-04-24T16:57:12","modified_gmt":"2018-04-24T15:57:12","slug":"introduction-a-lhumanisme-12","status":"publish","type":"page","link":"https:\/\/humanisme.assohum.org\/?page_id=1353","title":{"rendered":"Introduction \u00e0 l&rsquo;humanisme &#8211; 12"},"content":{"rendered":"<h1 style=\"text-align: center;\"><span style=\"color: #993366;\">Le sens et le but de la <abbr class='c2c-text-hover' title='Un concept tr\u00e8s difficile \u00e0 d\u00e9finir. Une fa\u00e7on de consid\u00e9rer la chose est qu&#039;il s&#039;agit d&#039;une propri\u00e9t\u00e9 de la mati\u00e8re caract\u00e9ris\u00e9e par un processus de m\u00e9tabolisme (transformation de mati\u00e8res premi\u00e8res en \u00e9nergie utilis\u00e9e pour la croissance et la reproduction).'>vie<\/abbr><\/span><\/h1>\n<div class='one_half'>\n\t\t\t\t\t<a href='http:\/\/www.humanisme.assohum.org\/?page_id=1343' class='small-button smallsilver'>Page pr\u00e9c\u00e9dente<\/a>\n\t\t\t\t<\/div>\n<p style=\"text-align: right;\"><a href='http:\/\/www.humanisme.assohum.org\/?page_id=1383' class='small-button smallsilver'>Page suivante<\/a><\/p>\n<p style=\"text-align: justify;\"><span style=\"font-size: 16px;\"><a href=\"http:\/\/humanisme.assohum.org\/wp-content\/uploads\/2018\/04\/Reflective-man.bmp\"><img loading=\"lazy\" decoding=\"async\" class=\"alignright wp-image-1357\" src=\"http:\/\/humanisme.assohum.org\/wp-content\/uploads\/2018\/04\/Reflective-man.bmp\" alt=\"\" width=\"262\" height=\"231\" \/><\/a>Plusieurs\u00a0<span style=\"text-decoration: underline;\"><abbr class='c2c-text-hover' title='Un ensemble d&#039;id\u00e9e qui sugg\u00e8re des moyens de comprendre le monde qui nous entoure et de trouver un sens \u00e0 notre vie'>vision du monde<\/abbr><\/span> proposent une r\u00e9ponse \u00e0 la question du sens de la <abbr class='c2c-text-hover' title='Un concept tr\u00e8s difficile \u00e0 d\u00e9finir. Une fa\u00e7on de consid\u00e9rer la chose est qu&#039;il s&#039;agit d&#039;une propri\u00e9t\u00e9 de la mati\u00e8re caract\u00e9ris\u00e9e par un processus de m\u00e9tabolisme (transformation de mati\u00e8res premi\u00e8res en \u00e9nergie utilis\u00e9e pour la croissance et la reproduction).'>vie<\/abbr>. Les humanistes ne sont pas diff\u00e9rents sauf qu&rsquo;ils ne sont pas persuad\u00e9s que notre existence soit le fruit d&rsquo;une cr\u00e9ation intentionnelle dans un dessein sp\u00e9cifique. En <abbr class='c2c-text-hover' title='En science une observation ou le r\u00e9sultat d&#039;une manipulation exp\u00e9rimentale.'>fait<\/abbr> les humanistes n&rsquo;ont aucune raison de penser que la <abbr class='c2c-text-hover' title='Un concept tr\u00e8s difficile \u00e0 d\u00e9finir. Une fa\u00e7on de consid\u00e9rer la chose est qu&#039;il s&#039;agit d&#039;une propri\u00e9t\u00e9 de la mati\u00e8re caract\u00e9ris\u00e9e par un processus de m\u00e9tabolisme (transformation de mati\u00e8res premi\u00e8res en \u00e9nergie utilis\u00e9e pour la croissance et la reproduction).'>vie<\/abbr> r\u00e9sulte d&rsquo;une cr\u00e9ation. Ils s&rsquo;entendent avec la communaut\u00e9 scientifique pour dire que la <abbr class='c2c-text-hover' title='Un concept tr\u00e8s difficile \u00e0 d\u00e9finir. Une fa\u00e7on de consid\u00e9rer la chose est qu&#039;il s&#039;agit d&#039;une propri\u00e9t\u00e9 de la mati\u00e8re caract\u00e9ris\u00e9e par un processus de m\u00e9tabolisme (transformation de mati\u00e8res premi\u00e8res en \u00e9nergie utilis\u00e9e pour la croissance et la reproduction).'>vie<\/abbr> est le r\u00e9sultat d&rsquo;un processus \u00e9volutif sans motif transcendant\u00a0ni signification\u00a0<span style=\"text-decoration: underline;\"><abbr class='c2c-text-hover' title='Qu&#039;on juge ne pas appartenir au monde naturel, qui semble en dehors du domaine de l&#039;exp\u00e9rience et \u00e9chapper aux lois de la nature.'>surnaturelle<\/abbr>\u00a0<\/span>Les humanistes ne pensent pas que la valeur de leur <abbr class='c2c-text-hover' title='Un concept tr\u00e8s difficile \u00e0 d\u00e9finir. Une fa\u00e7on de consid\u00e9rer la chose est qu&#039;il s&#039;agit d&#039;une propri\u00e9t\u00e9 de la mati\u00e8re caract\u00e9ris\u00e9e par un processus de m\u00e9tabolisme (transformation de mati\u00e8res premi\u00e8res en \u00e9nergie utilis\u00e9e pour la croissance et la reproduction).'>vie<\/abbr> soit amoindrie par une explication scientifique de l&rsquo;origine de l&rsquo;esp\u00e8ce humaine, au contraire les humanistes y voient une occasion de donner \u00e0 leur <abbr class='c2c-text-hover' title='Un concept tr\u00e8s difficile \u00e0 d\u00e9finir. Une fa\u00e7on de consid\u00e9rer la chose est qu&#039;il s&#039;agit d&#039;une propri\u00e9t\u00e9 de la mati\u00e8re caract\u00e9ris\u00e9e par un processus de m\u00e9tabolisme (transformation de mati\u00e8res premi\u00e8res en \u00e9nergie utilis\u00e9e pour la croissance et la reproduction).'>vie<\/abbr> un sens et une signification qui leur est propre. Pour un humaniste, cette qu\u00eate est bien plus satisfaisante que de suivre des objectifs\u00a0<span style=\"text-decoration: underline;\"><abbr class='c2c-text-hover' title='Qui met l&#039;accent sur le v\u00e9cu humain plut\u00f4t que sur l&#039;\u00eatre et qui affirme l&#039;identit\u00e9 de l&#039;existence et de l&#039;essence, ou leur parfaite compl\u00e9mentarit\u00e9.'>existentiels<\/abbr><\/span>\u00a0d\u00e9finis par d&rsquo;autres.<\/span><\/p>\n<p style=\"text-align: justify;\"><span style=\"font-size: 16px;\"> Cr\u00e9er notre propre but dans la <abbr class='c2c-text-hover' title='Un concept tr\u00e8s difficile \u00e0 d\u00e9finir. Une fa\u00e7on de consid\u00e9rer la chose est qu&#039;il s&#039;agit d&#039;une propri\u00e9t\u00e9 de la mati\u00e8re caract\u00e9ris\u00e9e par un processus de m\u00e9tabolisme (transformation de mati\u00e8res premi\u00e8res en \u00e9nergie utilis\u00e9e pour la croissance et la reproduction).'>vie<\/abbr> et travailler pour y parvenir peut, en soi, donner un sens \u00e0 notre <abbr class='c2c-text-hover' title='Un concept tr\u00e8s difficile \u00e0 d\u00e9finir. Une fa\u00e7on de consid\u00e9rer la chose est qu&#039;il s&#039;agit d&#039;une propri\u00e9t\u00e9 de la mati\u00e8re caract\u00e9ris\u00e9e par un processus de m\u00e9tabolisme (transformation de mati\u00e8res premi\u00e8res en \u00e9nergie utilis\u00e9e pour la croissance et la reproduction).'>vie<\/abbr>. Mais cette recherche d&rsquo;un sens peut aussi provenir du bien que l&rsquo;on <abbr class='c2c-text-hover' title='En science une observation ou le r\u00e9sultat d&#039;une manipulation exp\u00e9rimentale.'>fait<\/abbr> autour de soi, de nos relations avec nos proches, de la poursuite du savoir, de la satisfaction d&rsquo;un travail bien <abbr class='c2c-text-hover' title='En science une observation ou le r\u00e9sultat d&#039;une manipulation exp\u00e9rimentale.'>fait<\/abbr>, de la joie de l&rsquo;acte de cr\u00e9ation \u00e0 travers les arts, de l&rsquo;influence que nous avons sur notre famille et nos amis. Ces actions peuvent donnent un\u00a0sens \u00e0 notre <abbr class='c2c-text-hover' title='Un concept tr\u00e8s difficile \u00e0 d\u00e9finir. Une fa\u00e7on de consid\u00e9rer la chose est qu&#039;il s&#039;agit d&#039;une propri\u00e9t\u00e9 de la mati\u00e8re caract\u00e9ris\u00e9e par un processus de m\u00e9tabolisme (transformation de mati\u00e8res premi\u00e8res en \u00e9nergie utilis\u00e9e pour la croissance et la reproduction).'>vie<\/abbr>. On peut r\u00e9sumer cette attitude par cette phrase \u00ab le but de la <abbr class='c2c-text-hover' title='Un concept tr\u00e8s difficile \u00e0 d\u00e9finir. Une fa\u00e7on de consid\u00e9rer la chose est qu&#039;il s&#039;agit d&#039;une propri\u00e9t\u00e9 de la mati\u00e8re caract\u00e9ris\u00e9e par un processus de m\u00e9tabolisme (transformation de mati\u00e8res premi\u00e8res en \u00e9nergie utilis\u00e9e pour la croissance et la reproduction).'>vie<\/abbr> est de vivre avec une raison d&rsquo;\u00eatre \u00bb<\/span><\/p>\n<p style=\"text-align: justify;\"><span style=\"font-size: 16px;\"> La psychologie nous confirme, preuves \u00e0 l&rsquo;appui, que le bonheur et l&rsquo;estime de soi se retrouvent le plus fr\u00e9quemment chez ceux qui choisissent de vivre une existence \u00e0 la poursuite de buts qu&rsquo;ils consid\u00e8rent significatifs pour eux. Les humanistes pourraient ajouter qu&rsquo;acqu\u00e9rir une compr\u00e9hension r\u00e9aliste et rationnelle des \u00e9v\u00e8nements et de ce que nous pouvons faire, dans les limites de nos moyens, pour s&rsquo;am\u00e9liorer et am\u00e9liorer le monde qui nous entoure, voil\u00e0 qui peut donner \u00e0 un individu un sens encore plus grand de contr\u00f4le et de compr\u00e9hension de sa <abbr class='c2c-text-hover' title='Un concept tr\u00e8s difficile \u00e0 d\u00e9finir. Une fa\u00e7on de consid\u00e9rer la chose est qu&#039;il s&#039;agit d&#039;une propri\u00e9t\u00e9 de la mati\u00e8re caract\u00e9ris\u00e9e par un processus de m\u00e9tabolisme (transformation de mati\u00e8res premi\u00e8res en \u00e9nergie utilis\u00e9e pour la croissance et la reproduction).'>vie<\/abbr>.<\/span><\/p>\n<p style=\"text-align: justify;\"><span style=\"font-size: 16px;\"> Les humanistes croient que la\u00a0<span style=\"text-decoration: underline;\"><abbr class='c2c-text-hover' title='Un ensemble d&#039;id\u00e9e qui sugg\u00e8re des moyens de comprendre le monde qui nous entoure et de trouver un sens \u00e0 notre vie'>vision du monde<\/abbr><\/span>\u00a0humaniste peut mener \u00e0 un plus grand bonheur et une meilleure satisfaction en lib\u00e9rant les humains des cha\u00eenes du p\u00e9ch\u00e9 originel, du mauvais <abbr class='c2c-text-hover' title='Principe de l&#039;hindouisme et du bouddhisme selon lequel le sort de chacun est d\u00e9termin\u00e9 par le bilan moral de ses vies ant\u00e9rieures.'>karma<\/abbr> ou autres croyances coupables. Ils pensent que chaque individu devrait prendre la responsabilit\u00e9 de ses actions et chercher \u00e0 atteindre une moralit\u00e9 exemplaire, mais sans culpabilit\u00e9 lorsque des circonstances hors de leur contr\u00f4le les emp\u00eachent d&rsquo;atteindre leurs buts. Vivre une <abbr class='c2c-text-hover' title='Un concept tr\u00e8s difficile \u00e0 d\u00e9finir. Une fa\u00e7on de consid\u00e9rer la chose est qu&#039;il s&#039;agit d&#039;une propri\u00e9t\u00e9 de la mati\u00e8re caract\u00e9ris\u00e9e par un processus de m\u00e9tabolisme (transformation de mati\u00e8res premi\u00e8res en \u00e9nergie utilis\u00e9e pour la croissance et la reproduction).'>vie<\/abbr> heureuse, <abbr class='c2c-text-hover' title='Ensemble des principes moraux qui sont \u00e0 la base de la conduite de quelqu&#039;un'>\u00e9thique<\/abbr> et satisfaisante ici et maintenant sans honte et sans la culpabilit\u00e9 du p\u00e9ch\u00e9, voil\u00e0 sur quoi l&rsquo;humanisme se concentre.<\/span><\/p>\n<p>&nbsp;<\/p>\n<div class='one_half'>\n\t\t\t\t\t<a href='http:\/\/www.humanisme.assohum.org\/?page_id=1343' class='small-button smallsilver'>Page pr\u00e9c\u00e9dente<\/a>\n\t\t\t\t<\/div>\n<p style=\"text-align: right;\"><a href='http:\/\/www.humanisme.assohum.org\/?page_id=1383' class='small-button smallsilver'>Page suivante<\/a><\/p>\n","protected":false},"excerpt":{"rendered":"<p>Le sens et le but de la <abbr class='c2c-text-hover' title='Un concept tr\u00e8s difficile \u00e0 d\u00e9finir. Une fa\u00e7on de consid\u00e9rer la chose est qu&#039;il s&#039;agit d&#039;une propri\u00e9t\u00e9 de la mati\u00e8re caract\u00e9ris\u00e9e par un processus de m\u00e9tabolisme (transformation de mati\u00e8res premi\u00e8res en \u00e9nergie utilis\u00e9e pour la croissance et la reproduction).'>vie<\/abbr> Plusieurs\u00a0<abbr class='c2c-text-hover' title='Un ensemble d&#039;id\u00e9e qui sugg\u00e8re des moyens de comprendre le monde qui nous entoure et de trouver un sens \u00e0 notre vie'>vision du monde<\/abbr> proposent une r\u00e9ponse \u00e0 la question du sens de la <abbr class='c2c-text-hover' title='Un concept tr\u00e8s difficile \u00e0 d\u00e9finir. Une fa\u00e7on de consid\u00e9rer la chose est qu&#039;il s&#039;agit d&#039;une propri\u00e9t\u00e9 de la mati\u00e8re caract\u00e9ris\u00e9e par un processus de m\u00e9tabolisme (transformation de mati\u00e8res premi\u00e8res en \u00e9nergie utilis\u00e9e pour la croissance et la reproduction).'>vie<\/abbr>. Les humanistes ne sont pas diff\u00e9rents sauf qu&rsquo;ils ne sont pas persuad\u00e9s que notre existence soit le fruit d&rsquo;une cr\u00e9ation intentionnelle dans un dessein sp\u00e9cifique. En <abbr class='c2c-text-hover' title='En science une observation ou le r\u00e9sultat d&#039;une manipulation exp\u00e9rimentale.'>fait<\/abbr> les humanistes n&rsquo;ont aucune raison de [&hellip;]<\/p>\n","protected":false},"author":1,"featured_media":0,"parent":92,"menu_order":12,"comment_status":"closed","ping_status":"closed","template":"","meta":{"footnotes":""},"class_list":["post-1353","page","type-page","status-publish","hentry"],"_links":{"self":[{"href":"https:\/\/humanisme.assohum.org\/index.php?rest_route=\/wp\/v2\/pages\/1353"}],"collection":[{"href":"https:\/\/humanisme.assohum.org\/index.php?rest_route=\/wp\/v2\/pages"}],"about":[{"href":"https:\/\/humanisme.assohum.org\/index.php?rest_route=\/wp\/v2\/types\/page"}],"author":[{"embeddable":true,"href":"https:\/\/humanisme.assohum.org\/index.php?rest_route=\/wp\/v2\/users\/1"}],"replies":[{"embeddable":true,"href":"https:\/\/humanisme.assohum.org\/index.php?rest_route=%2Fwp%2Fv2%2Fcomments&post=1353"}],"version-history":[{"count":8,"href":"https:\/\/humanisme.assohum.org\/index.php?rest_route=\/wp\/v2\/pages\/1353\/revisions"}],"predecessor-version":[{"id":1437,"href":"https:\/\/humanisme.assohum.org\/index.php?rest_route=\/wp\/v2\/pages\/1353\/revisions\/1437"}],"up":[{"embeddable":true,"href":"https:\/\/humanisme.assohum.org\/index.php?rest_route=\/wp\/v2\/pages\/92"}],"wp:attachment":[{"href":"https:\/\/humanisme.assohum.org\/index.php?rest_route=%2Fwp%2Fv2%2Fmedia&parent=1353"}],"curies":[{"name":"wp","href":"https:\/\/api.w.org\/{rel}","templated":true}]}}