{"id":134,"date":"2014-02-04T04:55:30","date_gmt":"2014-02-04T03:55:30","guid":{"rendered":"http:\/\/humanisme.assohum.org\/?page_id=134"},"modified":"2018-04-23T19:33:38","modified_gmt":"2018-04-23T18:33:38","slug":"introduction-a-lhumanisme-4","status":"publish","type":"page","link":"https:\/\/humanisme.assohum.org\/?page_id=134","title":{"rendered":"introduction \u00e0 l&rsquo;humanisme &#8211; 4"},"content":{"rendered":"<h1 style=\"text-align: center;\"><span style=\"color: #993366;\">La <abbr class='c2c-text-hover' title='Mouvement de r\u00e9novation culturelle et artistique qui prit sa source en Italie au Xve si\u00e8cle et se r\u00e9pandit dans toute l&#039;Europe au XVIe si\u00e8cle.'>renaissance<\/abbr> et les d\u00e9buts de la science<\/span><\/h1>\n<div class='one_half'>\n\t\t\t\t\t<a href='http:\/\/www.humanisme.assohum.org\/?page_id=115' class='small-button smallsilver'>Page pr\u00e9c\u00e9dente<\/a>\n\t\t\t\t<\/div>\n<p style=\"text-align: right;\"><a href='http:\/\/www.humanisme.assohum.org\/?page_id=139%20' class='small-button smallsilver'>Page suivante<\/a><\/p>\n<p style=\"text-align: justify;\"><span style=\"font-size: medium;\"><span class='et-dropcap' style=\"font-size: 60px; color: #8A0808;\">\u00a0L<\/span>a <a title=\"Renaissance\" href=\"http:\/\/fr.wikipedia.org\/wiki\/Renaissance\" target=\"_blank\" rel=\"noopener\"><abbr class='c2c-text-hover' title='Mouvement de r\u00e9novation culturelle et artistique qui prit sa source en Italie au Xve si\u00e8cle et se r\u00e9pandit dans toute l&#039;Europe au XVIe si\u00e8cle.'>Renaissance<\/abbr><\/a> trouve son origine dans les efforts d&rsquo;un mouvement pour retrouver les sources de la gloire intellectuelle du monde antique, mais finit ultimement par transformer le monde moderne. La<a title=\"Renaissance\" href=\"http:\/\/fr.wikipedia.org\/wiki\/Renaissance\" target=\"_blank\" rel=\"noopener\"> <abbr class='c2c-text-hover' title='Mouvement de r\u00e9novation culturelle et artistique qui prit sa source en Italie au Xve si\u00e8cle et se r\u00e9pandit dans toute l&#039;Europe au XVIe si\u00e8cle.'>Renaissance<\/abbr> <\/a>r\u00e9f\u00e8re \u00e0 la p\u00e9riode europ\u00e9enne se situant vers la fin du 14e si\u00e8cle jusqu&rsquo;au d\u00e9but du 17e. Cette p\u00e9riode de recherche intellectuelle intense est souvent r\u00e9f\u00e9r\u00e9e par l&rsquo;appellation \u00ab humanisme de la <a title=\"Renaissance\" href=\"http:\/\/fr.wikipedia.org\/wiki\/Renaissance\" target=\"_blank\" rel=\"noopener\"><abbr class='c2c-text-hover' title='Mouvement de r\u00e9novation culturelle et artistique qui prit sa source en Italie au Xve si\u00e8cle et se r\u00e9pandit dans toute l&#039;Europe au XVIe si\u00e8cle.'>Renaissance<\/abbr> <\/a>. \u00bb<\/span><\/p>\n<p style=\"text-align: justify;\"><span style=\"font-size: medium;\"><a title=\"t\u00e9lescope\" href=\"http:\/\/www.humanisme.assohum.org\/wp-content\/uploads\/2014\/01\/telescope.jpg\"><img loading=\"lazy\" decoding=\"async\" class=\"alignleft size-medium wp-image-203\" style=\"margin: 10px;\" src=\"http:\/\/www.humanisme.assohum.org\/wp-content\/uploads\/2014\/01\/telescope-214x300.jpg\" alt=\"telescope\" width=\"214\" height=\"300\" \/><\/a>\u00ab L&rsquo;humanisme de la <a title=\"Renaissance\" href=\"http:\/\/fr.wikipedia.org\/wiki\/Renaissance\" target=\"_blank\" rel=\"noopener\"><abbr class='c2c-text-hover' title='Mouvement de r\u00e9novation culturelle et artistique qui prit sa source en Italie au Xve si\u00e8cle et se r\u00e9pandit dans toute l&#039;Europe au XVIe si\u00e8cle.'>Renaissance<\/abbr> <\/a>\u00bb marque la transition entre le <abbr class='c2c-text-hover' title='\u00c9tat d&#039;esprit qui accepte le surnaturel.'>surnaturalisme<\/abbr> m\u00e9<abbr class='c2c-text-hover' title='(DI) Une variante du cr\u00e9ationnisme qui repose sur l&#039;id\u00e9e que la complexit\u00e9 de l&#039;univers prouve l&#039;existence d&#039;une divinit\u00e9 surnaturelle.'>di<\/abbr>\u00e9val et l&rsquo;approche scientifique, moderne et s\u00e9culi\u00e8re. M\u00eame si l&rsquo;humanisme moderne doit beaucoup \u00e0 l&rsquo;humanisme de la <a title=\"Renaissance\" href=\"http:\/\/fr.wikipedia.org\/wiki\/Renaissance\" target=\"_blank\" rel=\"noopener\"><abbr class='c2c-text-hover' title='Mouvement de r\u00e9novation culturelle et artistique qui prit sa source en Italie au Xve si\u00e8cle et se r\u00e9pandit dans toute l&#039;Europe au XVIe si\u00e8cle.'>Renaissance<\/abbr> <\/a>, il y a des distinctions importantes entre les deux formes d&rsquo;humanisme. Les humanistes contemporains ne croient pas en l&rsquo;existence de dieu ou au <abbr class='c2c-text-hover' title='Qu&#039;on juge ne pas appartenir au monde naturel, qui semble en dehors du domaine de l&#039;exp\u00e9rience et \u00e9chapper aux lois de la nature.'>surnaturel<\/abbr> , alors que la majorit\u00e9 des humanistes de la <a title=\"Renaissance\" href=\"http:\/\/fr.wikipedia.org\/wiki\/Renaissance\" target=\"_blank\" rel=\"noopener\"><abbr class='c2c-text-hover' title='Mouvement de r\u00e9novation culturelle et artistique qui prit sa source en Italie au Xve si\u00e8cle et se r\u00e9pandit dans toute l&#039;Europe au XVIe si\u00e8cle.'>Renaissance<\/abbr> <\/a>\u00e9taient des croyants pour la plupart au dieu chr\u00e9tien traditionnel. Ce que les deux humanismes ont en commun est une pr\u00e9occupation envers les probl\u00e8mes du monde et une conscience de la dignit\u00e9 humaine et de la n\u00e9cessit\u00e9 de d\u00e9velopper le potentiel humain.<\/span><\/p>\n<p style=\"text-align: justify;\"><span style=\"font-size: medium;\">\u00c0 mesure que la <a title=\"Renaissance\" href=\"http:\/\/fr.wikipedia.org\/wiki\/Renaissance\" target=\"_blank\" rel=\"noopener\"><abbr class='c2c-text-hover' title='Mouvement de r\u00e9novation culturelle et artistique qui prit sa source en Italie au Xve si\u00e8cle et se r\u00e9pandit dans toute l&#039;Europe au XVIe si\u00e8cle.'>Renaissance<\/abbr> <\/a>progressait, ses penseurs devenaient de plus en plus sceptiques envers les dogmes religieux m\u00e9<abbr class='c2c-text-hover' title='(DI) Une variante du cr\u00e9ationnisme qui repose sur l&#039;id\u00e9e que la complexit\u00e9 de l&#039;univers prouve l&#039;existence d&#039;une divinit\u00e9 surnaturelle.'>di<\/abbr>\u00e9vaux. La r\u00e9ponse du clerg\u00e9 \u00e0 ces nouvelles id\u00e9es fut souvent brutale. Le moine et homme de science italien Giordano Bruno (1548-1600) d\u00e9fendit la vision de Copernic qui affirmait que la terre tournait autour du soleil, critiqua l&rsquo;<abbr class='c2c-text-hover' title='Ensemble des principes moraux qui sont \u00e0 la base de la conduite de quelqu&#039;un'>\u00e9thique<\/abbr> chr\u00e9tienne et plaida pour une plus grande tol\u00e9rance envers les diff\u00e9rentes croyances religieuses. En 1600 Bruno fut mis au b\u00fbcher par l&rsquo;<abbr class='c2c-text-hover' title='Tribunal religieux permanent, dirig\u00e9 par l&#039;\u00e9v\u00eaque et charg\u00e9 par la papaut\u00e9 de lutter contre l&#039;h\u00e9r\u00e9sie au moyen de la proc\u00e9dure d&#039;inquisition.'>inquisition<\/abbr> pour avoir refus\u00e9 de renier ces vues.<\/span><\/p>\n<p><a href=\"http:\/\/humanisme.assohum.org\/wp-content\/uploads\/2014\/02\/Galilee.jpg\"><img loading=\"lazy\" decoding=\"async\" class=\"size-full wp-image-136 alignright\" style=\"margin: 10px;\" title=\"Galil\u00e9e\" src=\"http:\/\/humanisme.assohum.org\/wp-content\/uploads\/2014\/02\/Galilee.jpg\" alt=\"Galilee\" width=\"289\" height=\"174\" \/><\/a><\/p>\n<p style=\"text-align: justify;\"><span style=\"font-size: medium;\">\u00a0\u00c0 la m\u00eame \u00e9poque que <a title=\"Gali\u00e9e\" href=\"http:\/\/en.wikipedia.org\/wiki\/Galileo_Galilei\" target=\"_blank\" rel=\"noopener\">Galil\u00e9e<\/a>, le <abbr class='c2c-text-hover' title='Personne qui se consacre \u00e0 l&#039;\u00e9tude de l&#039;ensemble des conceptions portant sur le principe des \u00eatres et des choses, sur le r\u00f4le de l&#039;humain dans l&#039;univers, sur Dieu, sur l&#039;histoire et de fa\u00e7on g\u00e9n\u00e9rale sur tous les grands probl\u00e8mes de la m\u00e9taphysique.'>philosophe<\/abbr> anglais <a title=\"Bacon\" href=\"http:\/\/fr.wikipedia.org\/wiki\/Francis_Bacon_(philosophe)\" target=\"_blank\" rel=\"noopener\">Francis Bacon<\/a> jetait les bases d&rsquo;une science fond\u00e9e sur le raisonnement et les preuves factuelles. <a title=\"Francis Bacon\" href=\"http:\/\/fr.wikipedia.org\/wiki\/Francis_Bacon_(philosophe)\" target=\"_blank\" rel=\"noopener\">Bacon<\/a>\u00a0n&rsquo;\u00e9tait pas un grand homme de science comme <a title=\"Galil\u00e9e\" href=\"http:\/\/en.wikipedia.org\/wiki\/Galileo_Galilei\" target=\"_blank\" rel=\"noopener\">Galil\u00e9e<\/a>, mais il joua n\u00e9anmoins un r\u00f4le majeur en d\u00e9finissant une approche <abbr class='c2c-text-hover' title='Qui ne s&#039;appuie que sur l&#039;observation, qui repose sur une exp\u00e9rience commune.'>empirique<\/abbr> de la science. <a title=\"Francis Bacon\" href=\"http:\/\/fr.wikipedia.org\/wiki\/Francis_Bacon_(philosophe)\" target=\"_blank\" rel=\"noopener\">Bacon <\/a>plaidait qu&rsquo;en plus d&rsquo;augmenter notre niveau de connaissances, la science pouvait \u00eatre b\u00e9n\u00e9fique au genre humain. Dans sont plus important ouvrage \u00ab\u00a0<a title=\"Novum_Organum\" href=\"http:\/\/fr.wikipedia.org\/wiki\/Novum_Organum\" target=\"_blank\" rel=\"noopener\">Novum Organum<\/a>\u00a0\u00bb il affirma que l&rsquo;humanit\u00e9 devait \u00ab se consacrer \u00e0 la science pour que l&rsquo;\u00e9tat de l&rsquo;humanit\u00e9 puisse par le <abbr class='c2c-text-hover' title='En science une observation ou le r\u00e9sultat d&#039;une manipulation exp\u00e9rimentale.'>fait<\/abbr> m\u00eame \u00eatre am\u00e9lior\u00e9. \u00bb<\/span><\/p>\n<p style=\"text-align: justify;\"><span style=\"font-size: medium;\">C&rsquo;est cet engagement pour l&rsquo;\u00e9tude scientifique de notre monde combin\u00e9 \u00e0 un s\u00e9cularisme et \u00e0 une individualit\u00e9 grandissante qui permit \u00e0 la culture europ\u00e9enne d&rsquo;engendrer le si\u00e8cle des <abbr class='c2c-text-hover' title='Tire son nom d&#039;un mouvement intellectuel, culturel et scientifique aux multiples manifestations connues sous le nom des Lumi\u00e8res. Il est souvent utilis\u00e9 dans la litt\u00e9rature historique comme synonyme du XVIIIe si\u00e8cle europ\u00e9en.'>lumi\u00e8res<\/abbr> au 18e si\u00e8cle.<\/span><\/p>\n<div class='one_half'>\n\t\t\t\t\t<a href='http:\/\/www.humanisme.assohum.org\/?page_id=115' class='small-button smallsilver'>Page pr\u00e9c\u00e9dente<\/a>\n\t\t\t\t<\/div>\n<p style=\"text-align: right;\"><a href='http:\/\/www.humanisme.assohum.org\/?page_id=139%20' class='small-button smallsilver'>Page suivante<\/a><\/p>\n<p>&nbsp;<\/p>\n","protected":false},"excerpt":{"rendered":"<p>La <abbr class='c2c-text-hover' title='Mouvement de r\u00e9novation culturelle et artistique qui prit sa source en Italie au Xve si\u00e8cle et se r\u00e9pandit dans toute l&#039;Europe au XVIe si\u00e8cle.'>renaissance<\/abbr> et les d\u00e9buts de la science a <abbr class='c2c-text-hover' title='Mouvement de r\u00e9novation culturelle et artistique qui prit sa source en Italie au Xve si\u00e8cle et se r\u00e9pandit dans toute l&#039;Europe au XVIe si\u00e8cle.'>Renaissance<\/abbr> trouve son origine dans les efforts d&rsquo;un mouvement pour retrouver les sources de la gloire intellectuelle du monde antique, mais finit ultimement par transformer le monde moderne. La <abbr class='c2c-text-hover' title='Mouvement de r\u00e9novation culturelle et artistique qui prit sa source en Italie au Xve si\u00e8cle et se r\u00e9pandit dans toute l&#039;Europe au XVIe si\u00e8cle.'>Renaissance<\/abbr> r\u00e9f\u00e8re \u00e0 la p\u00e9riode europ\u00e9enne se situant vers la fin du 14e si\u00e8cle jusqu&rsquo;au d\u00e9but du [&hellip;]<\/p>\n","protected":false},"author":1,"featured_media":0,"parent":92,"menu_order":4,"comment_status":"open","ping_status":"open","template":"page-full.php","meta":{"footnotes":""},"class_list":["post-134","page","type-page","status-publish","hentry"],"_links":{"self":[{"href":"https:\/\/humanisme.assohum.org\/index.php?rest_route=\/wp\/v2\/pages\/134"}],"collection":[{"href":"https:\/\/humanisme.assohum.org\/index.php?rest_route=\/wp\/v2\/pages"}],"about":[{"href":"https:\/\/humanisme.assohum.org\/index.php?rest_route=\/wp\/v2\/types\/page"}],"author":[{"embeddable":true,"href":"https:\/\/humanisme.assohum.org\/index.php?rest_route=\/wp\/v2\/users\/1"}],"replies":[{"embeddable":true,"href":"https:\/\/humanisme.assohum.org\/index.php?rest_route=%2Fwp%2Fv2%2Fcomments&post=134"}],"version-history":[{"count":7,"href":"https:\/\/humanisme.assohum.org\/index.php?rest_route=\/wp\/v2\/pages\/134\/revisions"}],"predecessor-version":[{"id":1423,"href":"https:\/\/humanisme.assohum.org\/index.php?rest_route=\/wp\/v2\/pages\/134\/revisions\/1423"}],"up":[{"embeddable":true,"href":"https:\/\/humanisme.assohum.org\/index.php?rest_route=\/wp\/v2\/pages\/92"}],"wp:attachment":[{"href":"https:\/\/humanisme.assohum.org\/index.php?rest_route=%2Fwp%2Fv2%2Fmedia&parent=134"}],"curies":[{"name":"wp","href":"https:\/\/api.w.org\/{rel}","templated":true}]}}